1 is divided by 8323531.
8
Calculate the remainder when 818474 is divided by 53.
48
Calculate the remainder when 139009 is divided by 225.
184
What is the remainder when 910186968 is divided by 2387?
2385
Calculate the remainder when 5895740 is divided by 75.
65
What is the remainder when 4489769 is divided by 38?
31
What is the remainder when 4826531 is divided by 2413206?
119
What is the remainder when 655082 is divided by 1684?
6
What is the remainder when 30843533 is divided by 11741?
11667
What is the remainder when 1555361 is divided by 1100?
1061
Calculate the remainder when 1475076645 is divided by 696.
693
Calculate the remainder when 814139 is divided by 3435.
44
Calculate the remainder when 209133 is divided by 39.
15
What is the remainder when 32935 is divided by 2184?
175
Calculate the remainder when 8878741 is divided by 3.
1
What is the remainder when 3251145 is divided by 232208?
233
What is the remainder when 553582 is divided by 1029?
1009
Calculate the remainder when 17510724 is divided by 17286.
6
What is the remainder when 6474725 is divided by 752?
5
Calculate the remainder when 2750620 is divided by 7071.
1
What is the remainder when 181705 is divided by 22687?
209
Calculate the remainder when 146293 is divided by 2921.
243
What is the remainder when 14543530 is divided by 268?
242
What is the remainder when 130848 is divided by 3633?
60
Calculate the remainder when 31377634 is divided by 747084.
106
What is the remainder when 5636739 is divided by 296667?
66
Calculate the remainder when 31406 is divided by 489.
110
What is the remainder when 866322 is divided by 846?
18
What is the remainder when 11672728 is divided by 897898?
54
Calculate the remainder when 539189 is divided by 112.
21
What is the remainder when 76285558 is divided by 17?
13
What is the remainder when 499790 is divided by 1400?
1390
What is the remainder when 22535670 is divided by 43?
15
What is the remainder when 8663 is divided by 8546?
117
What is the remainder when 275518 is divided by 2056?
14
Calculate the remainder when 829756804 is divided by 57.
52
Calculate the remainder when 16594 is divided by 5090.
1324
Calculate the remainder when 662633 is divided by 165653.
21
Calculate the remainder when 3972953 is divided by 33.
17
What is the remainder when 1684018 is divided by 5363?
36
Calculate the remainder when 13414 is divided by 3233.
482
Calculate the remainder when 168333 is divided by 503.
331
Calculate the remainder when 402145 is divided by 28.
9
Calculate the remainder when 744542 is divided by 115.
32
What is the remainder when 17921003 is divided by 224?
107
What is the remainder when 519375 is divided by 1167?
60
What is the remainder when 461020 is divided by 562?
180
What is the remainder when 4216694 is divided by 392?
342
What is the remainder when 650194278 is divided by 2039?
2036
Calculate the remainder when 12275265 is divided by 944250.
15
What is the remainder when 18308 is divided by 7916?
2476
Calculate the remainder when 124050814 is divided by 64.
62
Calculate the remainder when 26784 is divided by 1424.
1152
Calculate the remainder when 15001291 is divided by 303.
64
Calculate the remainder when 60014581 is divided by 3334143.
7
What is the remainder when 6117974 is divided by 152949?
14
What is the remainder when 368464 is divided by 73682?
54
What is the remainder when 277633 is divided by 27580?
1833
What is the remainder when 1136057 is divided by 42072?
113
What is the remainder when 277375 is divided by 69340?
15
Calculate the remainder when 262734 is divided by 131154.
426
What is the remainder when 640345 is divided by 197?
95
What is the remainder when 106366523 is divided by 137?
134
What is the remainder when 71699 is divided by 378?
257
What is the remainder when 1845211 is divided by 3743?
3655
What is the remainder when 58270 is divided by 985?
155
What is the remainder when 16282025 is divided by 8141006?
13
What is the remainder when 92496 is divided by 29751?
3243
What is the remainder when 1389085288 is divided by 305?
303
Calculate the remainder when 268520 is divided by 5800.
1720
What is the remainder when 6939966 is divided by 130942?
40
Calculate the remainder when 1965074 is divided by 982530.
14
Calculate the remainder when 14361398 is divided by 78.
38
Calculate the remainder when 9605622 is divided by 5037.
63
What is the remainder when 7474668 is divided by 2491160?
1188
Calculate the remainder when 15265 is divided by 6638.
1989
Calculate the remainder when 124373 is divided by 124371.
2
Calculate the remainder when 11289 is divided by 2708.
457
What is the remainder when 625670 is divided by 114?
38
What is the remainder when 28400033 is divided by 7348?
13
What is the remainder when 20829 is divided by 868?
865
Calculate the remainder when 343223 is divided by 247.
140
Calculate the remainder when 1274360 is divided by 10109.
626
Calculate the remainder when 7446743 is divided by 11839.
12
Calculate the remainder when 76035 is divided by 37414.
1207
Calculate the remainder when 53671482 is divided by 1441.
1437
Calculate the remainder when 25195890 is divided by 53.
8
What is the remainder when 94069 is divided by 994?
633
What is the remainder when 10509005 is divided by 7?
3
Calculate the remainder when 251032 is divided by 5133.
4648
What is the remainder when 43479148 is divided by 110?
108
What is the remainder when 558726 is divided by 8218?
8120
What is the remainder when 1196368 is divided by 126?
124
Calculate the remainder when 433882 is divided by 108462.
34
What is the remainder when 1896603 is divided by 8175?
3
Calculate the remainder when 72687 is divided by 7824.
2271
Calculate the remainder when 27766030 is divided by 84.
82
What is the remainder when 8318539 is divided by 71?
37
Calculate the remainder when 263942484 is divided by 1147576.
4
Calculate the remainder when 3866159 is divided by 67.
58
What is the remainder when 1636327 is divided by 5178?
79
What is the remainder when 1186812 is divided by 1075?
12
What is the remainder when 3445412 is divided by 169?
9
Calculate the remainder when 1320418 is divided by 258.
232
Calculate the remainder when 617937 is divided by 4091.
196
Calculate the remainder when 293823 is divided by 19587.
18
Calculate the remainder when 61742 is divided by 34.
32
Calculate the remainder when 10330063 is divided by 689.
575
Calculate the remainder when 8775783 is divided by 731273.
507
What is the remainder when 15658 is divided by 775?
158
What is the remainder when 10240311 is divided by 371?
340
What is the remainder when 6171025 is divided by 721?
707
Calculate the remainder when 2255279 is divided by 2152.
2135
What is the remainder when 151482 is divided by 5075?
4307
Calculate the remainder when 63238 is divided by 3006.
112
Calculate the remainder when 9098511 is divided by 7250.
7011
What is the remainder when 44076 is divided by 44062?
14
What is the remainder when 16965 is divided by 76?
17
What is the remainder when 15254337 is divided by 7627130?
77
Calculate the remainder when 1828429 is divided by 859.
477
Calculate the remainder when 21758926 is divided by 5439728.
14
What is the remainder when 6593757 is divided by 240?
237
What is the remainder when 323167 is divided by 6848?
1311
What is the remainder when 5114704 is divided by 255730?
104
Calculate the remainder when 1024722 is divided by 1024705.
17
Calculate the remainder when 100300 is divided by 48180.
3940
What is the remainder when 100697 is divided by 985?
227
Calculate the remainder when 54765923 is divided by 319.
3
Calculate the remainder when 308829 is divided by 102744.
597
What is the remainder when 82946353 is divided by 14?
7
What is the remainder when 700905 is divided by 990?
975
Calculate the remainder when 972488261 is divided by 58.
57
Calculate the remainder when 4753001 is divided by 2272.
2249
Calculate the remainder when 215289 is divided by 2762.
2615
What is the remainder when 7805 is divided by 2230?
1115
Calculate the remainder when 8092494 is divided by 245227.
3
What is the remainder when 9296819 is divided by 137?
136
Calculate the remainder when 285017 is divided by 3132.
5
Calculate the remainder when 976741 is divided by 172.
12